2*m. Suppose -t = -3*d + 23. Is 9 a factor of d?
True
Let x = 299 + -194. Suppose o - 552 = 5*b, x = -3*b + 2*b + 2*o. Let g = b + 158. Is 20 a factor of g?
False
Suppose -2*b + z - 64 = 2*z, 2*b - 5*z + 64 = 0. Let a = b - -78. Is 10 a factor of a?
False
Suppose 2*n - 3*w + 317 = 6*n, 5*n - 5*w - 370 = 0. Is 11 a factor of n?
True
Let a be (-4)/(-2)*9/6. Let i be (1 - 4)*(-7)/a. Suppose 35 + i = s. Is 13 a factor of s?
False
Let i be 1/(-2 + (-15)/(-9)). Let f(o) be the first derivative of o**4/4 + 4*o**3/3 - 3*o**2/2 + o + 1. Is f(i) a multiple of 11?
False
Suppose -3*q = y + 18, 2*q = 6*q + 2*y + 24. Let n(o) = o**3 + 8*o**2 + 3*o - 5. Let v be n(q). Suppose 0 = 5*d - v - 31. Is 11 a factor of d?
False
Let f = -7 + 11. Suppose 0 = -3*u + f*u - 15. Is u a multiple of 15?
True
Suppose -11 = -n + 65. Does 19 divide n?
True
Let q(v) = -v**3 + 10*v**2 - 8*v + 8. Is q(9) a multiple of 17?
True
Suppose 4*v - 2*v - 104 = 0. Is v a multiple of 11?
False
Let s(j) be the second derivative of j**4/6 + 5*j**3/6 - 3*j**2/2 + 3*j. Let w be s(-4). Let x = w + -5. Does 4 divide x?
True
Let v(c) = -18*c - 9. Is v(-4) a multiple of 16?
False
Let r(v) = v**3 + v**2 + 64. Suppose 2*j = 5*j. Let f be r(j). Let p = -46 + f. Is 12 a factor of p?
False
Let h(u) be the second derivative of -u**3/6 + 5*u**2 + 3*u. Let y be h(6). Is 640/35 + y/(-14) a multiple of 10?
False
Let j = 8 - 71. Let f = j + 105. Does 7 divide f?
True
Suppose 0*u = 2*r - u - 37, 2*r - 34 = -2*u. Is 9 a factor of r?
True
Let c(g) = -g**2 + 6*g + 5. Let k be c(5). Let l = -1 + k. Suppose 0 = -2*i + 5*o + 12, -4*i = 3*o - 59 + l. Does 11 divide i?
True
Let z(x) = -x**3 + 6*x**2 - x. Does 4 divide z(5)?
True
Let j(h) = h**3 - 8*h**2 + 7*h + 3. Let p be j(7). Suppose p*d - d = 54. Is 9 a factor of d?
True
Is 36 a factor of (-1852)/(-18) + (-3)/(-27)?
False
Suppose -x - 3*f + 4 = 0, 0 = -3*x + 6*x + f - 20. Suppose x = -3*b - 47. Does 14 divide 16/(-3)*b/4?
False
Is (59 - 2)/3 + -3 a multiple of 8?
True
Let s(c) be the second derivative of c**4/6 + 7*c**3/6 + 3*c**2/2 - c. Is 25 a factor of s(-7)?
False
Suppose -4*x = 16, -5*g + 3*x + 163 = 56. Does 5 divide g?
False
Suppose -3*o - 5*s = 16, 3*o - s - 23 = -9. Suppose h + 22 = o*h. Is 11 a factor of h?
True
Let x = -12 + 11. Is 29 a factor of 1*(x + 114 + -2)?
False
Let f = 48 + -24. Suppose 3*s + f = -24. Does 8 divide (s/5)/(2/(-10))?
True
Let u(c) = 6*c - 6. Suppose 0 = -5*y + 5*l + 25, y + 2*l + l - 13 = 0. Is 19 a factor of u(y)?
False
Let y = -9 + 11. Does 12 divide ((-52)/(-6))/(y/3)?
False
Let m = 150 - 104. Suppose 5*w = m + 44. Is w a multiple of 8?
False
Suppose -a - 429 = -3*q - 4*a, -4*q + a + 552 = 0. Suppose 4*z + 47 = q. Is z a multiple of 5?
False
Let b(o) = o**3 + 2*o**2 + o - 2. Is b(3) a multiple of 8?
False
Let a be (-39)/(-9) - 6/(-9). Suppose a*z - 483 = x, x - 2*x - 195 = -2*z. Is z a multiple of 29?
False
Let t(g) = 5*g**2 + 2*g + 5. Let y be t(5). Does 9 divide (-48)/40*y/(-6)?
False
Suppose -2*j + 88 = -4*g, 0*g - 5 = g. Suppose -j - 179 = -3*y. Is y a multiple of 25?
False
Let x(a) = 7*a - 21. Is x(6) a multiple of 2?
False
Let l = 20 + -13. Let z = 2 + l. Is z a multiple of 8?
False
Let q = 6 - -4. Suppose 4 = -2*y + 2*l - 20, -5*y - 2*l = 88. Does 8 divide y/q*(2 - 7)?
True
Let o be -4*(1 + -10)*1. Suppose -4*g + o = 3*d - 125, 2*d + 5*g = 105. Is d a multiple of 14?
False
Let k = 202 - 41. Does 23 divide k?
True
Suppose 3*y + 100 = -2*y. Let i = 16 - y. Does 11 divide i?
False
Let a = 119 + 30. Is 21 a factor of a?
False
Is (-1)/(-3) - 82/(-6) a multiple of 11?
False
Suppose -5*p + 4*p + 22 = 0. Suppose 0*o = -o + p. Does 11 divide o?
True
Let a(l) = -l**3 + 7*l**2 + 9*l + 3. Let b be a(8). Let c = b - -36. Is c a multiple of 13?
False
Let g = 2 - 4. Is 11 a factor of 3/(-3) + (-24)/g?
True
Is 7 a factor of 35/2*24/15?
True
Let w be (-2)/(-7) + (-525)/(-49). Suppose -v = -k + w, 3*k - 46 = -2*v + 12. Is k a multiple of 8?
True
Suppose -3*o + o + 4 = 0. Suppose 14 = -0*c + o*c. Is c a multiple of 2?
False
Let g be (-161)/4 + 3/12. Is 6/33 + g/(-22) even?
True
Let s(n) = n**3 + 9*n**2 + 6*n - 6. Let c be s(-8). Suppose -4*j + 1 + c = -5*t, t - 9 = -2*j. Is j even?
True
Let t(i) = -14*i**3 - i - 1. Let d(h) = -h - 2 - h**2 + h**3 + 2. Let w be d(-1). Does 5 divide t(w)?
False
Let o = -29 - -11. Let y = o + 81. Is 21 a factor of y?
True
Let d be (12 - 0/(-2)) + 0. Suppose 32 = j - d. Does 12 divide j?
False
Let g(l) = 6*l**2 - 2*l + 2 + 3*l**2 - 5 + 6*l. Is 27 a factor of g(2)?
False
Let d(f) = f + 9. Let x be d(-9). Suppose 0 = -x*j - 2*j + 50. Let g = j - 18. Is g a multiple of 5?
False
Let z(q) = 2*q + 94. Is z(-15) a multiple of 16?
True
Suppose -i - 4 + 0 = -2*x, -2*x = 3*i - 12. Suppose -5*v + 33 = x. Is v a multiple of 4?
False
Does 6 divide ((-2016)/(-10))/6 + 10/25?
False
Let h = 26 - 18. Let v = 12 - h. Is 6 a factor of 30/v*(-2)/(-1)?
False
Let z = 24 - 6. Let m be (-5)/(-2) + (-1)/2. Let n = z - m. Is n a multiple of 8?
True
Let n = -30 - -110. Suppose -7*s + n = -2*s. Is 14 a factor of s?
False
Suppose -3*r - 9 = 0, 3*u + 4*r + 14 + 1 = 0. Let q be (u/(-2))/(2/32). Is 302/8 - (-2)/q a multiple of 19?
True
Let c = -74 - -129. Suppose -5*g + c = -65. Is 8 a factor of g?
True
Suppose -4*c + c = 2*f - 142, 4*f = 5*c - 244. Is 24 a factor of c?
True
Let f = 21 - 15. Does 6 divide f?
True
Suppose -112 = 4*i - 3*q - q, 0 = 3*i - 2*q + 80. Let a = 56 + i. Suppose x - a = -4. Is 14 a factor of x?
True
Suppose 3*n - n - 4 = 0. Suppose 2*r + 9 = -5*m + 89, 0 = -n*m - 4. Suppose r = 3*l - 0*l. Does 5 divide l?
True
Suppose -4*n = -4*b - 20, b + 15 = 5*n - 6. Suppose 28 = -3*f - 5*j + 6, 5*f - 15 = 2*j. Is (2/n)/(f/28) a multiple of 6?
False
Let h = 2 + 0. Does 19 divide 53*(h + -3)/(-1)?
False
Suppose -760 = -5*j - 5*w, 0 = -3*j - 0*w - w + 448. Is 39 a factor of j?
False
Suppose 2*o - 35 = -3*o. Is o a multiple of 7?
True
Let r = 1 - -207. Suppose t - r = -3*t. Is 9 a factor of t?
False
Suppose 3*n - b - 308 = 0, 2*n - 5*b - 188 = -0*n. Is 13 a factor of n?
True
Let w(i) = i - 1. Let d be w(4). Suppose -5*a = -3*a + 3*l - 10, d*a = -2*l + 20. Is 2 a factor of a?
True
Suppose -2*b = b. Let d = 2 - b. Is 12*d + (-1 - -1) a multiple of 18?
False
Suppose f = -1 + 5. Let z = f - 1. Suppose 5*o - 59 = -2*k - 2*k, -4*k - z*o = -69. Does 8 divide k?
False
Let i(b) = b**3 + 4*b**2 + 3*b + 5. Let o be i(-4). Let h = 0 - o. Is 7 a factor of h?
True
Let j(p) = -p**2 - 3*p - 1. Let r be j(-4). Let n(o) = -o**3 - 6*o**2 - 5*o. Let f be n(r). Suppose f*s - 5 = -s. Is 5 a factor of s?
True
Is (4/10)/((-2)/(-130)) a multiple of 13?
True
Suppose -w + 45 + 18 = -2*j, 2*j = 5*w - 331. Let n = -29 + w. Is n a multiple of 13?
False
Let x = -69 - -117. Is 22 a factor of x?
False
Suppose -3*b + 88 = z, -3*z - z + b = -404. Does 26 divide z?
False
Let u be (16/6)/(2/3). Suppose 0 = -2*c - u, 4*j - 2*c = -c + 194. Does 16 divide j?
True
Let x = -43 - -29. Is 20 a factor of 4/5*(-1645)/x?
False
Let s(l) = l**2 + 2*l + 6. Is s(7) a multiple of 19?
False
Does 25 divide 1/(-2)*-206 - 3?
True
Suppose 0 = -4*a - 5 + 1, -4*k = 2*a + 26. Is (9/k)/((-1)/4) even?
True
Suppose -c - 6 = 2*c, 4*v - 454 = 3*c. Suppose 4*g = -0 + v. Is (-1)/((-10)/g)*5 a multiple of 7?
True
Let c = 16 - 4. Is 6/4*c - 0 a multiple of 13?
False
Let x = -32 + 49. Suppose 2*h + 4*u - 16 = 0, 0*h = -5*h - 4*u + 16. Does 10 divide (h - x)*(-7 + 6)?
False
Let w(y) = -y**2 + y + 26. Suppose c - 4*o = 12, 1 + 2 = 2*c - o. Is 13 a factor of w(c)?
True
Suppose -i + 4*i = -3. Let d = i + 4. Suppose 0 = d*s - 51 + 9. Does 14 divide s?
True
Suppose 16*p - 153 = -p. Is p a multiple of 2?
False
Let g = -183 - -310. Does 12 divide g?
False
Let n = 17 + -13. Is 204/9 + n/3 a multiple of 12?
True
Suppose 5*t = -5*k + 1220, 0*t - 3*k = -t + 248. Is 35 a factor of t?
True
Let v be (-10)/(-2)*(1 - 0). Suppose -v*d + 191 = -69. Is d a multiple of 24?
False
Suppose x = 5*k + 25, -5*x - 3*k = -32 - 65. Is 4 a factor of x?
True
Does 24 divide (-1)/(-4) + (-2093)/(-28)?
False
Let s = -42 - -4. Let a = s + 22. Is 5 a factor of 51/4 - 4/a?
False
Let y(u) be the first derivative of u**3/3 - 2*u**2 + 11*u - 7. Is 12 a factor of y(9)?
False
Suppose -6*i = -3*i - 60. Is i a multiple of 10?
True
Is 13 a f